{"id":1739,"date":"2023-10-24T10:49:16","date_gmt":"2023-10-24T09:49:16","guid":{"rendered":"https:\/\/aimeebrassens.com\/?page_id=1739"},"modified":"2023-10-26T14:21:16","modified_gmt":"2023-10-26T13:21:16","slug":"cookies","status":"publish","type":"page","link":"https:\/\/aimeebrassens.com\/index.php\/cookies\/","title":{"rendered":"Cookies &#8211; Aimee Brassens"},"content":{"rendered":"\t\t<div data-elementor-type=\"wp-page\" data-elementor-id=\"1739\" class=\"elementor elementor-1739\">\n\t\t\t\t\t\t\t\t\t<section class=\"elementor-section elementor-top-section elementor-element elementor-element-6713cc3 elementor-section-height-min-height elementor-hidden-mobile elementor-section-boxed elementor-section-height-default elementor-section-items-middle\" data-id=\"6713cc3\" data-element_type=\"section\" data-settings=\"{&quot;background_background&quot;:&quot;classic&quot;}\">\n\t\t\t\t\t\t\t<div class=\"elementor-background-overlay\"><\/div>\n\t\t\t\t\t\t\t<div class=\"elementor-container elementor-column-gap-default\">\n\t\t\t\t\t<div class=\"elementor-column elementor-col-100 elementor-top-column elementor-element elementor-element-b065a7d\" data-id=\"b065a7d\" data-element_type=\"column\">\n\t\t\t<div class=\"elementor-widget-wrap\">\n\t\t\t\t\t\t\t\t\t<\/div>\n\t\t<\/div>\n\t\t\t\t\t\t\t<\/div>\n\t\t<\/section>\n\t\t\t\t<section class=\"elementor-section elementor-top-section elementor-element elementor-element-f2ed7b9 elementor-section-height-min-height elementor-hidden-desktop elementor-hidden-tablet elementor-section-boxed elementor-section-height-default elementor-section-items-middle\" data-id=\"f2ed7b9\" data-element_type=\"section\" data-settings=\"{&quot;background_background&quot;:&quot;classic&quot;}\">\n\t\t\t\t\t\t\t<div class=\"elementor-background-overlay\"><\/div>\n\t\t\t\t\t\t\t<div class=\"elementor-container elementor-column-gap-default\">\n\t\t\t\t\t<div class=\"elementor-column elementor-col-100 elementor-top-column elementor-element elementor-element-ad40cae\" data-id=\"ad40cae\" data-element_type=\"column\">\n\t\t\t<div class=\"elementor-widget-wrap\">\n\t\t\t\t\t\t\t\t\t<\/div>\n\t\t<\/div>\n\t\t\t\t\t\t\t<\/div>\n\t\t<\/section>\n\t\t<div class=\"elementor-element elementor-element-6817252 e-flex e-con-boxed e-con e-parent\" data-id=\"6817252\" data-element_type=\"container\" data-settings=\"{&quot;content_width&quot;:&quot;boxed&quot;}\" data-core-v316-plus=\"true\">\n\t\t\t\t\t<div class=\"e-con-inner\">\n\t\t\t\t<div class=\"elementor-element elementor-element-9eaa27c elementor-widget elementor-widget-text-editor\" data-id=\"9eaa27c\" data-element_type=\"widget\" data-widget_type=\"text-editor.default\">\n\t\t\t\t<div class=\"elementor-widget-container\">\n\t\t\t<style>\/*! elementor - v3.17.0 - 01-11-2023 *\/\n.elementor-widget-text-editor.elementor-drop-cap-view-stacked .elementor-drop-cap{background-color:#69727d;color:#fff}.elementor-widget-text-editor.elementor-drop-cap-view-framed .elementor-drop-cap{color:#69727d;border:3px solid;background-color:transparent}.elementor-widget-text-editor:not(.elementor-drop-cap-view-default) .elementor-drop-cap{margin-top:8px}.elementor-widget-text-editor:not(.elementor-drop-cap-view-default) .elementor-drop-cap-letter{width:1em;height:1em}.elementor-widget-text-editor .elementor-drop-cap{float:left;text-align:center;line-height:1;font-size:50px}.elementor-widget-text-editor .elementor-drop-cap-letter{display:inline-block}<\/style>\t\t\t\t<div class=\"elementor-element elementor-element-306749a elementor-widget elementor-widget-heading\" data-id=\"306749a\" data-element_type=\"widget\" data-widget_type=\"heading.default\"><div class=\"elementor-widget-container\"><h2 class=\"elementor-heading-title elementor-size-default\">COOKIES<\/h2><\/div><\/div><div class=\"elementor-element elementor-element-fd394b2 elementor-widget elementor-widget-text-editor\" data-id=\"fd394b2\" data-element_type=\"widget\" data-widget_type=\"text-editor.default\"><div class=\"elementor-widget-container\"><p>Pour des raisons techniques et pour faciliter votre navigation sur notre site, nous avons recours \u00e0 des \u00ab cookies \u00bb. Tr\u00e8s simplement, un \u00ab cookie \u00bb enregistre des informations relatives \u00e0 votre navigation sur notre site (pages consult\u00e9es\u2026).<\/p><p>Ces \u00ab\u00a0cookies\u00a0\u00bb nous permettent d\u2019\u00e9tablir des statistiques afin de mieux comprendre quelles pages et rubriques vous int\u00e9ressent, et de d\u00e9terminer si vous visitez fr\u00e9quemment notre site. Cela afin d\u2019am\u00e9liorer l\u2019exp\u00e9rience globale du site.<\/p><p>Pour plus d\u2019informations\u00a0 s\u2019il vous pla\u00eet \u00e9crivez-nous:<\/p><p>contact@<span style=\"text-align: var(--text-align); background-color: var(--ast-global-color-4); color: var(--ast-global-color-3); font-size: 1rem;\">aimeebrassens.com<\/span><\/p><p>MENTIONS L\u00c9GALES<\/p><p>AIM\u00c9E BRASSENS<\/p><p>contact@aimeebrassens.com<\/p><p>Adresse du si\u00e8ge social :<\/p><p>H\u00e9bergeur<\/p><\/div><\/div>\t\t\t\t\t\t<\/div>\n\t\t\t\t<\/div>\n\t\t\t\t\t<\/div>\n\t\t\t\t<\/div>\n\t\t\t\t\t\t\t<\/div>\n\t\t","protected":false},"excerpt":{"rendered":"<p>COOKIES Pour des raisons techniques et pour faciliter votre navigation sur notre site, nous avons recours \u00e0 des \u00ab cookies \u00bb. Tr\u00e8s simplement, un \u00ab cookie \u00bb enregistre des informations relatives \u00e0 votre navigation sur notre site (pages consult\u00e9es\u2026). Ces \u00ab\u00a0cookies\u00a0\u00bb nous permettent d\u2019\u00e9tablir des statistiques afin de mieux comprendre quelles pages et rubriques vous &hellip;<\/p>\n<p class=\"read-more\"> <a class=\"\" href=\"https:\/\/aimeebrassens.com\/index.php\/cookies\/\"> <span class=\"screen-reader-text\">Cookies &#8211; Aimee Brassens<\/span> Read More &raquo;<\/a><\/p>\n","protected":false},"author":1,"featured_media":0,"parent":0,"menu_order":0,"comment_status":"closed","ping_status":"closed","template":"","meta":{"_eb_attr":"","om_disable_all_campaigns":false,"_monsterinsights_skip_tracking":false,"_monsterinsights_sitenote_active":false,"_monsterinsights_sitenote_note":"","_monsterinsights_sitenote_category":0,"site-sidebar-layout":"no-sidebar","site-content-layout":"page-builder","ast-site-content-layout":"","site-content-style":"default","site-sidebar-style":"default","ast-global-header-display":"","ast-banner-title-visibility":"","ast-main-header-display":"","ast-hfb-above-header-display":"","ast-hfb-below-header-display":"","ast-hfb-mobile-header-display":"","site-post-title":"disabled","ast-breadcrumbs-content":"","ast-featured-img":"disabled","footer-sml-layout":"","theme-transparent-header-meta":"enabled","adv-header-id-meta":"","stick-header-meta":"","header-above-stick-meta":"","header-main-stick-meta":"","header-below-stick-meta":"","astra-migrate-meta-layouts":"","footnotes":""},"aioseo_notices":[],"_links":{"self":[{"href":"https:\/\/aimeebrassens.com\/index.php\/wp-json\/wp\/v2\/pages\/1739"}],"collection":[{"href":"https:\/\/aimeebrassens.com\/index.php\/wp-json\/wp\/v2\/pages"}],"about":[{"href":"https:\/\/aimeebrassens.com\/index.php\/wp-json\/wp\/v2\/types\/page"}],"author":[{"embeddable":true,"href":"https:\/\/aimeebrassens.com\/index.php\/wp-json\/wp\/v2\/users\/1"}],"replies":[{"embeddable":true,"href":"https:\/\/aimeebrassens.com\/index.php\/wp-json\/wp\/v2\/comments?post=1739"}],"version-history":[{"count":7,"href":"https:\/\/aimeebrassens.com\/index.php\/wp-json\/wp\/v2\/pages\/1739\/revisions"}],"predecessor-version":[{"id":1867,"href":"https:\/\/aimeebrassens.com\/index.php\/wp-json\/wp\/v2\/pages\/1739\/revisions\/1867"}],"wp:attachment":[{"href":"https:\/\/aimeebrassens.com\/index.php\/wp-json\/wp\/v2\/media?parent=1739"}],"curies":[{"name":"wp","href":"https:\/\/api.w.org\/{rel}","templated":true}]}}